, 17
Let g(u) = -4*u - 28. Let p be g(-8). Suppose 0 = -a + 5, -5*k + 8*k = p*a + 16. List the prime factors of k.
2, 3
Suppose 0 = -2*a + 1 - 1. Suppose -5*r - d + 773 = a, -2*r + 6*r - 607 = 3*d. List the prime factors of r.
2, 7, 11
Let g = -540 + 986. What are the prime factors of g?
2, 223
Suppose 3*z + 4*d + 1822 = 0, -4*d = z - 4*z - 1814. List the prime factors of z/(-9) - 8/24.
67
Let v = -186 + 390. List the prime factors of v.
2, 3, 17
Let t(z) = 79*z + 181. What are the prime factors of t(6)?
5, 131
Suppose 1579 = 5*t - 521. Suppose -3*u + t = c - 0*c, -2*u + 5*c = -280. List the prime factors of u.
2, 5, 7
Let n be ((-231)/(-1) - -3)*4/6. Let v = n + -36. What are the prime factors of v?
2, 3, 5
Suppose 4*a + 5*k = 311, -14*a = -13*a + 2*k - 74. List the prime factors of a.
2, 3, 7
Let a(g) = -g**2 + 4*g - 2. Let k be a(2). Let c be 13/(-26) + 649/k. What are the prime factors of 2/4*c/9?
2, 3
Let u(t) = -12*t + 33. What are the prime factors of u(-19)?
3, 29
Let z be (0 - -2)*(4 - 3). Suppose -4*k + 0 - 2 = 2*t, -3*t = z*k - 1. Suppose -h - t = -23. What are the prime factors of h?
2, 11
Let l = 23 - 44. Let v be (-163)/11 + (-6)/33. Let p = v - l. List the prime factors of p.
2, 3
Let b(x) = 64 - 3 + x**3 + 1947*x - 1946*x. List the prime factors of b(0).
61
Let w(o) = -12*o**3 + o**2 + 8*o - 28. What are the prime factors of w(-6)?
2, 11, 29
Let y(c) = -c**3 + 17*c**2 - 3*c + 16. What are the prime factors of y(8)?
2, 71
Suppose 0 = -5*r + 1 - 6. What are the prime factors of 174 + 0 + r + 2?
5, 7
What are the prime factors of (-211)/(-2)*(-50 + 74)?
2, 3, 211
Let t(s) = 4*s**2. Let v be t(-1). Let m be (-5)/(-30) + (-622)/(-12). Suppose 6*p - m = v*p. List the prime factors of p.
2, 13
Let d(r) = -r**3 - 15*r**2 - 20*r + 6. Let l = -94 + 79. What are the prime factors of d(l)?
2, 3, 17
Let h(r) be the first derivative of -3*r**2/2 + 14*r + 19. List the prime factors of h(-17).
5, 13
Suppose 0 = 2*s + 8, -5*i + 7*i - 8 = 5*s. Let j be i/(-27) + (-14)/(-18). What are the prime factors of 2 - (-9 - (j + -2))?
2, 5
Suppose -5*h + 6*j = 3*j - 1, -4*h = -2*j - 2. Suppose -178 = -2*r + h*t, 445 = r + 4*r - 2*t. What are the prime factors of r?
89
Let a = 7 + -1. Let g = 12 - a. Suppose -3*f = -g*f + 27. List the prime factors of f.
3
Let a(k) = 285*k - 22. What are the prime factors of a(4)?
2, 13, 43
Let z(p) = 62*p**2 + 7*p + 11. List the prime factors of z(-2).
5, 7
Let r(j) = -j**3 + 7*j**2 - 3*j + 3. Let u be r(7). Let v be (-2)/(-9) - 662/u. Let b = v - 11. List the prime factors of b.
2, 13
Let c(q) = -72*q - 42. What are the prime factors of c(-5)?
2, 3, 53
Let c(h) be the first derivative of -h**4/12 - 7*h**3/6 + 3*h**2 - 2*h - 6. Let q(l) be the first derivative of c(l). What are the prime factors of q(-5)?
2
What are the prime factors of 3738/(-4 - -2)*1/(-3)?
7, 89
Suppose a + 5 - 33 = -x, 5*x + 44 = 3*a. What are the prime factors of a?
23
Let b be 1458/42 + (-4)/(-14). Suppose 0*o = 2*o + 8, 3*q - 3*o = 63. Let r = b - q. What are the prime factors of r?
2, 3
Suppose -12*w = 14*w - 127114. What are the prime factors of w?
4889
Let l be 3/9 - 760/(-6). Suppose 0*b = -b + l. What are the prime factors of b?
127
Let n(w) = -15*w. Let f be n(1). Let a be (21/(-4))/(-7)*40. Let s = a + f. What are the prime factors of s?
3, 5
Suppose 0 = -3*i + 46 - 10. Let n = i + -15. What are the prime factors of n/2*68/(-6)?
17
Let h(z) = -4*z**2 + z**3 + z**3 - 155 + 152. What are the prime factors of h(3)?
3, 5
Let n(j) = -j**3 - 21*j**2 - 27*j - 18. List the prime factors of n(-21).
3, 61
Let g = -5681 - -8029. What are the prime factors of g?
2, 587
Let a(n) = -n - 7. Let t be a(0). Let s(m) = -m**3 - 7*m**2 - 7*m - 15. Let l be s(t). Let h = -5 + l. List the prime factors of h.
29
Let b be (36/16)/((-6)/(-864)). What are the prime factors of -8 + b - (6 - 4)?
2, 157
Let p(y) = -5*y**2 - y - 5. Let s = 8 - 17. Let g(w) = -11*w**2 - w - 10. Let v(k) = s*p(k) + 4*g(k). List the prime factors of v(-5).
5
Let r(k) = -k**3 + 14*k**2 - 8*k - 29. Let o be r(11). Suppose 394 = o*y - 244*y. What are the prime factors of y?
197
Let r(a) = -a**3 + 8*a**2 + 3. Let u be r(8). Suppose 0 = -0*b + 3*b - v + 24, u*v - 16 = 2*b. Let t = b - -33. What are the prime factors of t?
5
Let l(v) = -4 + 2*v - 5 + 8 - 1. List the prime factors of l(2).
2
Suppose -5*z + 3*i + 2*i + 14095 = 0, -3*i - 5639 = -2*z. What are the prime factors of z?
2, 1409
Let v = -1296 + 2599. What are the prime factors of v?
1303
Let f(o) be the third derivative of -o**5/60 - o**4/2 - o**3/2 - 4*o**2. Let c be f(-5). Let i = -10 + c. What are the prime factors of i?
2, 11
What are the prime factors of 574/(-4)*(-290)/203?
5, 41
List the prime factors of -1535*(-8)/20 + 2/(-1).
2, 3, 17
Let r = -820 + 2040. What are the prime factors of r?
2, 5, 61
Suppose 4*q + 2*q = -0*q. Suppose 14*d - 15*d + 45 = q. List the prime factors of d.
3, 5
Suppose -384 - 141 = -35*b. List the prime factors of b.
3, 5
Let l(w) = 26*w**3 - w**2 - 2*w - 2. Let m be l(-1). What are the prime factors of ((-3)/(18/(-86)))/((-9)/m)?
43
What are the prime factors of (537240/(-396))/(2/(-3))?
5, 11, 37
Let l(n) be the first derivative of -n**3/3 + 13*n**2 - 13*n - 5. List the prime factors of l(18).
131
Let w be 21 - (10/(-20))/(2/(-4)). Let j be ((-8)/10)/((-8)/(-140)). Let d = j + w. List the prime factors of d.
2, 3
Suppose 7 = -5*b + 22. Let s(m) = 2 + 4*m**2 + 0*m**2 - 4 - 9*m - b*m**2. List the prime factors of s(10).
2
Let k(o) = o**3 + 12*o**2 + 5*o - 14. Let p be (-14)/21 - 31/3. List the prime factors of k(p).
2, 13
Let p(v) = -v**3 - 3*v**2 + 9*v - 8. Let h be p(-7). Suppose 0 = f - h + 12. What are the prime factors of f?
113
Let l(p) = -p**2 - 13*p - 7. Suppose -4*c = 16 + 32. Let q be l(c). Suppose -4*h + 11 = -h - q*n, 3*h + 3*n = 27. List the prime factors of h.
7
Let s be (12 - 13)/(2/(-4)). Suppose 0*a + 163 = s*t - a, 99 = t - 4*a. List the prime factors of t.
79
Suppose -3*s = 4*c - 406, -5*c + 536 = -5*s + 11. Let q = 145 - c. What are the prime factors of q?
2, 3, 7
Suppose 5*q - 20 = -5*q. Suppose -2*m = -n - q*n - 63, m - 48 = -4*n. What are the prime factors of m?
2, 3
Let z(r) = -r**2 + 11*r + 14. Let y be z(12). Let u(w) = 66*w + 17. What are the prime factors of u(y)?
149
Let o = 2895 - 1561. List the prime factors of o.
2, 23, 29
Suppose h + 35 = 2*h - 2*l, 3*h + 3*l = 114. Suppose h = -5*r + 127. List the prime factors of r.
2, 3
List the prime factors of 1 + (18/27)/(1/1884).
3, 419
Let l(h) = -h - 1. Let j(y) = -16*y**2 - 4*y - 4. Let q(z) = -j(z) + 4*l(z). Let b be q(2). Suppose 4*x = 8*x - b. List the prime factors of x.
2
Let k(g) = -2 - 6*g + g**3 + 0*g + 0 - 5*g**2 + 4. Let x be k(6). Suppose -5*v + 343 = x*c, -3*v - 11 = c - 216. List the prime factors of v.
67
Let w(a) = 10*a**2 - 60*a + 10. What are the prime factors of w(15)?
2, 5, 17
Suppose 0 = 9*o - 8*o - 3. Suppose o*u = 5*f + 177, -2*f = u - 5*f - 63. List the prime factors of u.
2, 3
Let k = -2506 + 3668. What are the prime factors of k?
2, 7, 83
Let z(i) = -6*i + 4 - 3*i + 8*i. What are the prime factors of z(-5)?
3
Let i(w) = 8 + 7*w - 6*w - 11. Let u be i(8). Suppose -143 + 28 = -u*o. List the prime factors of o.
23
Suppose -3 - 25 = 7*r. What are the prime factors of (-60)/r*3 + -1?
2, 11
Let s(d) be the third derivative of -d**6/120 - d**5/10 + 7*d**4/12 + 3*d**2. What are the prime factors of s(-8)?
2
Suppose 3*k + 1821 = 3*y, -4*y = -5*k - 2470 + 39. Let r = -359 + y. What are the prime factors of r?
5, 7
Suppose -8 + 7 = y. What are the prime factors of 3 + 6*(111/6 + y)?
2, 3
Suppose -10 = -7*r + 4. Suppose -4*c = -3*l + 97, r*c = 5*l - 3*c - 160. Let v = 37 - l. What are the prime factors of v?
2, 3
Suppose 3*u = 14*h - 17*h + 234, -2*u - 259 = -3*h. List the prime factors of h.
83
Suppose 3*i - 2*c + 0*c + 184 = 0, 2*c - 308 = 5*i. Let g = i - -128. List the prime factors of g.
2, 3, 11
Let v(y) = y**3 + 5*y**2 - y - 6. Let d be v(-2). Suppose d*x - 255 = 3*x. What are the prime factors of x?
3, 17
Let r = 0 + 0. Suppose -5*u + 9 = i, r = -u - 3*u + 5*i - 16. Let b(w) = 41*w - 1. What are the prime factors of b(u)?
2, 5
Let p be 106/22 + 14/77. Suppose 412 = p*q - 2*h, 247 = 3*q + h - 2*h. What ar